actors of v?
2, 5, 7561
Let j be 54/21 - 4/7. Let a be j/(-4) - (-11472)/32. Suppose 0 = -2*f + 3*z - 2*z + a, f - z - 178 = 0. What are the prime factors of f?
2, 3, 5
Let z(w) = 6*w**2 + 5*w + 4. Let p be z(-3). Let j(s) = -225*s + 249. Let m be j(1). Let l = p - m. What are the prime factors of l?
19
Let o(m) = -278*m - 4374. List the prime factors of o(-70).
2, 19, 397
Let g = -11 - -11. Suppose -17*o + 4*o + 6474 = g. List the prime factors of o.
2, 3, 83
Let j = -42689 - -71767. Suppose 39*k - 20959 = j. List the prime factors of k.
1283
Let w(m) = 925*m + 121. What are the prime factors of w(6)?
53, 107
Suppose -28*k - 6 = -25*k. Let b be (((-224)/12)/7)/(k/3). Suppose -w - 3*z + 83 = 0, 0 = 3*w - b*z - 158 - 52. What are the prime factors of w?
2, 37
Suppose -8*x - 7596 = -26*x. Suppose 4*z - 4*y = 5*z - x, 413 = z + y. List the prime factors of z.
2, 5, 41
Let j = 12140 - 11013. List the prime factors of j.
7, 23
Suppose 35*r = 37*r - 562. Let g = r - -133. What are the prime factors of g?
2, 3, 23
Let z = 18240 + -46800. List the prime factors of z/(-27) - (-44)/198.
2, 23
Let d = 120125 + -82257. List the prime factors of d.
2, 9467
Suppose -12 = 97*m - 103*m. Suppose -m*o - 9 = c, 0*o + 2*o - 2*c + 24 = 0. Let a = o + 50. What are the prime factors of a?
43
Let q(a) = 90*a**3 + 10*a**2 + 5*a - 50. What are the prime factors of q(5)?
3, 5, 17
Let l = 56296 - 278. What are the prime factors of l?
2, 37, 757
Suppose a = -5*q + 3*a + 15723, 5*a + 9449 = 3*q. List the prime factors of q.
7, 449
Let a(h) = 7*h - 17. Let d be a(3). Suppose -3*z + j - 176 = -j, -5*j + 223 = -d*z. What are the prime factors of z/14 + 4 + 1949/7?
2, 139
Let y(l) = -2371*l + 2387. What are the prime factors of y(-14)?
7, 13, 17, 23
Let m = 112 - 44. Let x = 70 - m. What are the prime factors of 60 - (-4 + x + 4)?
2, 29
Let w = 1843 + 6111. What are the prime factors of w?
2, 41, 97
Suppose 0 = 5*h + 5*n - 325, -n = 3*h + 3*n - 193. Let l = h + -58. Let q = 30 - l. List the prime factors of q.
3, 7
Suppose 0 = -s - 243 + 63. Let b = s + 700. What are the prime factors of b?
2, 5, 13
List the prime factors of 41011/6 - 10/60.
5, 1367
Let i(b) = 6*b**2 + b - 11. Let v = -147 - -140. What are the prime factors of i(v)?
2, 3, 23
Suppose 34*x = 39*x - 3080. Suppose x = 11*s - 275. Suppose s = f - 40. What are the prime factors of f?
11
Suppose -5*p + 4*g = -17693, -2*p + 7501 = 2*g + 413. List the prime factors of p.
3541
Let l(f) = 49*f**2 + 199*f - 1348. What are the prime factors of l(7)?
2, 1223
Suppose 47582 = -19*z + 412126 + 391675. What are the prime factors of z?
3, 13267
Suppose 295558 = 26*j - 425421 + 203787. What are the prime factors of j?
2, 4973
Let u(k) = 66*k**3 + 34*k - 99. What are the prime factors of u(4)?
4261
Let y(z) = 2576*z**2 + 42*z + 174. List the prime factors of y(-4).
2, 20611
Let x be -3 - 2 - ((-8)/(-4) + 160). Let y = x + 387. List the prime factors of y.
2, 5, 11
Suppose t = -18 + 26. Suppose -4*y + 8 = -t, -3*i - 3*y = -156. What are the prime factors of 522/8 - 12/i?
5, 13
Let l = -85 + 73. Let r(z) = 16*z + 23. Let i be r(l). Let n = -84 - i. What are the prime factors of n?
5, 17
What are the prime factors of 4525976/208*(-24)/(-21)?
2, 6217
Suppose -7*g - 5*h + 6907 + 33027 = 0, g = 5*h + 5722. What are the prime factors of g?
13, 439
Suppose -222 = 2*a + 4*r - 732, -4*r = -3*a + 765. Let u = 60 - a. Let g = u + 335. What are the prime factors of g?
2, 5, 7
Suppose 77*j - 82*j + 131597 = 4*b, -4*b - 78907 = -3*j. What are the prime factors of j?
3, 7, 179
Suppose -419594 - 177961 = -52*o - 81715. What are the prime factors of o?
2, 5, 31
Let p = -42 + 44. Let o be 6*((-15)/(-3) - (-2 + p)). What are the prime factors of o/20*34/3?
17
Let z(p) = 12*p**2 + 4*p - 22. Suppose 4*v - 8 = 2*v. Let n be z(v). Let y = 408 - n. What are the prime factors of y?
2, 3, 37
Suppose -64*c = 25*c - 321646. What are the prime factors of c?
2, 13, 139
Let w(n) be the third derivative of n**5/60 - n**4/6 + n**3/2 + 18*n**2. Let j be w(2). What are the prime factors of (-94)/((0 - -3 - 1)/j)?
47
Let p(a) = 44*a**3 - 14*a**2 + 67*a - 109. What are the prime factors of p(8)?
3, 19, 43
Suppose -3*a + 14579 = 4*n - 2*n, 4*n - 3*a = 29131. What are the prime factors of n?
5, 31, 47
Let r(w) = 2*w**2 + 112*w - 1891. List the prime factors of r(77).
3, 6197
Let d(s) be the first derivative of s**3 - 4*s**2 - 10*s + 52. List the prime factors of d(-10).
2, 5, 37
Let q be -2 - (-141)/27 - (-6)/(-27). Suppose -k + 5*k + q*b = 741, 186 = k + b. List the prime factors of k.
3, 61
Suppose -177 = -0*f - 3*f + 4*k, 324 = 5*f + 3*k. Suppose f = w - 13. What are the prime factors of 72/(-18) + w + -1?
71
Let y = 54 + -97. Let q = 32 - y. List the prime factors of q.
3, 5
Let w be (-48)/3 - -8 - 1113. What are the prime factors of -25 + 32 + (1 - w)?
1129
Let p = 4343 - 4340. Let g be 258/2 + 1 + -3. Suppose 3*q - l = 152, 5*l - g = -p*q + l. List the prime factors of q.
7
Let b(i) = i**3 + 8*i**2 - 2*i - 10. Let y be (40/(-18) - -2) + (-280)/36. Let z be b(y). Suppose 3*r - 42 = -z. List the prime factors of r.
2, 3
What are the prime factors of (-8 + -6191)*-2 - 6/3?
2, 3, 1033
Let m be 6 - 10 - -4 - -8. List the prime factors of (627 - 3) + -11 + m.
3, 23
Let b(x) = x**2 - 224*x - 5523. What are the prime factors of b(-121)?
2, 3, 6037
Let j = 20 - -25. Let s = -26 + j. Suppose -s*i - 302 = -21*i. List the prime factors of i.
151
Let p = 492 - 289. Let u = -62 + -63. Let d = u + p. What are the prime factors of d?
2, 3, 13
List the prime factors of (-3930)/(31/(-60) - 7/84).
2, 5, 131
Suppose 4*y = 4*y - 5*y. Suppose 5*b - 329 - 56 = y. What are the prime factors of b?
7, 11
Suppose x = i - 41, -6*i = 4*x - 3*i + 192. Let m be 15/x - 280/(-3). Suppose m*w = 91*w + 56. List the prime factors of w.
2, 7
Let r(x) = -3*x**3 - 2*x**2 + 69*x + 7. What are the prime factors of r(-9)?
17, 83
Suppose -4*b - s + 4480 = 0, -3*b - s + 3371 = -3*s. Let l = b - 342. List the prime factors of l.
19, 41
List the prime factors of 1/(-4) - (-75 - -68 - (-332434)/(-8)).
13, 23, 139
What are the prime factors of (145/435)/(2/40446)?
3, 7, 107
Let x = -23465 + 39889. List the prime factors of x.
2, 2053
Let o(v) be the second derivative of -4*v**2 + 7/6*v**3 + 0 + 1/12*v**4 - 14*v. List the prime factors of o(6).
2, 5, 7
Let i(x) = 184*x**2 - 31*x - 350. What are the prime factors of i(-8)?
2, 13, 449
Suppose -4*g - 4*i - 8723 = -53719, -4*g = -2*i - 44972. What are the prime factors of g?
5, 13, 173
Suppose 7*d - 2*p - 8 = 3*d, 4*d = -p - 4. Let u(m) = 10*m**2 - 2*m**2 - 4 + d*m**2. List the prime factors of u(-2).
2, 7
Let g = -13 + 18. Let a(d) = d. Let l(s) = -s**3 + 7*s**2 - 6*s + 2. Let y(i) = 6*a(i) + l(i). List the prime factors of y(g).
2, 13
Suppose 0 = -3*x - o + 30, 4*o - 39 = -2*x - x. Let t = 1861 + -931. Suppose -1212 = -x*w + t. What are the prime factors of w?
2, 7, 17
Let y = 73 + -61. Let o be ((-22)/(-3) - y/9) + -3. Suppose o*h - 42 = 3. What are the prime factors of h?
3, 5
Let a = 76 - 57. Let p = 57 + a. Suppose -p + 236 = 4*i. List the prime factors of i.
2, 5
Suppose 6*h + 11*h - 102 = 0. List the prime factors of 283 - (4 - h - 0).
3, 5, 19
Suppose -7152 = -8*c + 8504. Suppose -y - 3*b = -c, 6*y = 2*y - 5*b + 7835. What are the prime factors of y?
2, 5, 7
Suppose 0 = -33*z - 68 - 130. List the prime factors of 233 - (z - -11) - 0.
2, 3, 19
Suppose -160 = 3*d - 55. List the prime factors of d/(-14)*12/(-10) - -402.
3, 7, 19
Let r(q) = 8*q**3 + q**2 - 10*q + 3. Let t(a) = 2*a**2 + 7*a + 7. Let h be t(-3). List the prime factors of r(h).
491
Suppose 20*j + 24860 = 10823 + 132537. List the prime factors of j.
3, 5, 79
Let n = -136 + 141. List the prime factors of (3112/(-10))/((-2)/n - 0).
2, 389
Let n(m) = -3169*m + 128. Let v(t) = 7924*t - 320. Let j(h) = -12*n(h) - 5*v(h). What are the prime factors of j(-1)?
2, 3, 23
Let x = -301 - -300. List the prime factors of (-6)/6*(-416 + x).
3, 139
Let o = 85988 - 41327. What are the prime factors of o?
3, 14887
Let h(u) = 9*u + 445. Let d be h(-50). What are the prime factors of (1356 - 5) + (-15)/d?
2, 677
Suppose -1050 = -167*l + 173*l. Let m = l - -594. List the prime factors of m.
419
Let f(x) = x**2 + 1